?
6
Suppose -v = -6*v - 15. Let q be (v - -5)*2 - 4. Suppose -13*c + 18*c - 115 = q. What is the units digit of c?
3
Suppose -5*n - 61 - 84 = 0. Let y(q) = -q**2 - 21*q + 47. Let l be y(-14). Let u = n + l. What is the units digit of u?
6
Suppose 0 = -m + 6, 7*l - 9*l = 3*m - 51266. What is the thousands digit of l?
5
Let d(n) = n + 35. Suppose 6*r - 2*r + 28 = 4*f, 2*f = 4*r + 18. Let p be (-2 + (-1)/(-1))*f. What is the tens digit of d(p)?
3
Let z(k) = 2*k - 1. Let f be z(2). Suppose -5*l + 879 = -q, 0 = -l - 2*l - f*q + 531. What is the units digit of l?
6
Let j(h) = 3*h**3 - 14*h**2 - 63*h + 6. Let w(l) = -7*l**3 + 28*l**2 + 128*l - 13. Let i(r) = -5*j(r) - 2*w(r). What is the tens digit of i(15)?
5
Let c(a) = -228*a - 19. Let p be c(-22). Suppose 146*k = 165*k - p. What is the tens digit of k?
6
Let p(i) = -5*i - 50. Let b be -10 + -2 - (-13 - -12). Let g be p(b). Suppose -7*l + g*m = -2*l - 885, 3*l - 533 = m. What is the hundreds digit of l?
1
Let r = -1095 - -1093. Let m be (-2)/8 - (-19033)/4. What is the tens digit of r/11 + m/33?
4
Suppose 0 = 31*u + 30439 - 213184. What is the thousands digit of u?
5
Let x be 4 - (11 + -13)*1/(-2). What is the units digit of x*(-3 - (-6 + 1))?
6
Let k(l) = 2177*l + 364. What is the thousands digit of k(3)?
6
Suppose -79203 - 3500 = -2*w - 5*n, 3*n = 2*w - 82679. What is the thousands digit of w?
1
Let m be ((-102)/18 + 5)*(-9)/6. What is the hundreds digit of (-4)/(-24) - (m + (-7377)/18)?
4
Suppose 0 = -47*o + 20336 + 131051. What is the hundreds digit of o?
2
Let v(k) = -k**3 + 4*k**2 + 3*k - 19. Let n be v(3). What is the units digit of (38 - 39)/(2/4 + n)?
2
Let s = 108556 + -62183. What is the units digit of s?
3
Suppose -n - 38 = -65. Suppose 2*w - n = -5*r - 8, -2*w - 6 = 0. Suppose -10*s + 3420 = r*s. What is the hundreds digit of s?
2
Suppose 3*z - 88560 = -f, 4*f + 84295 = -13*z + 468053. What is the units digit of z?
8
Let x = 50 + -68. Let t be x/(-3) + 24/(-6). Suppose -12 = 3*n, t*n = -5*a - n + 33. What is the units digit of a?
9
What is the units digit of 3214/(((-147)/14 + 11)*(-2)/(-4))?
6
Let u = -1675 - -33136. What is the ten thousands digit of u?
3
Suppose 3*i - n + 1 = 4, -3*n = 3*i - 3. Let s(h) = 849*h**3 + 1. Let l be s(i). Suppose 7*a = 12*a - l. What is the units digit of a?
0
Let w = 240 + -343. Let r = w + 168. What is the units digit of r?
5
Suppose -72*o + 33*o + 8414 = -38*o. What is the tens digit of o?
1
Let o = 325 + 44. Let r = 632 - o. What is the hundreds digit of r?
2
Suppose -2*t + n + 1293 = 0, -20*n - 649 = -t - 19*n. Let l = t - -145. What is the units digit of l?
9
Suppose 17 = -5*q - 8, 0 = 2*i - 3*q - 3587. Suppose y - i + 250 = -5*g, 1226 = 4*g - 2*y. What is the units digit of g?
7
Let m(z) = 96*z**2 - 2*z + 4. Let s = -255 + 252. What is the hundreds digit of m(s)?
8
Suppose 0 = -2*o + 6*o - 4*v - 4, -2*o = 5*v - 23. What is the tens digit of (-3 - o - -5)/(2/(-199))?
9
Let o(a) = -126*a**2 + 3*a + 2. Let b be o(-1). Let p = 129 + b. Suppose -2*h = -2*x - p*x + 656, 5*x - 4*h = 826. What is the units digit of x?
2
Let d(b) = -b**3 - 28*b**2 - 55*b - 56. Let t be d(-26). What is the tens digit of -587*(92/506 - 48/t)?
7
Suppose 2*y - 4*u = 69358, 4*y - 2*u - 55042 - 83674 = 0. What is the thousands digit of y?
4
Let g(u) = 22*u**2 - 7*u - 8. Let b = 160 - 156. What is the tens digit of g(b)?
1
Let f = 14243 + -4958. What is the units digit of f?
5
Let k be (-1)/((-2)/(-192)*6). What is the hundreds digit of 200/k*28*(-6)/4?
5
Let m be (24 - 38)/(1/14). Let d = m + 281. What is the tens digit of d?
8
Let k(y) = 8*y**2 - 18*y + 74. Suppose 78 = 9*u - 30. What is the thousands digit of k(u)?
1
Let m(s) = -3*s**3 + s**2 - s. Let b be m(-2). What is the tens digit of (-196)/(-10) + (3 - 108/b)?
1
Let p = 4520 + 56. Suppose 32*y - p = 19*y. What is the units digit of y?
2
Let p = -10457 + 15284. What is the hundreds digit of p?
8
Let u = 682 - 836. Let x = u - -599. What is the hundreds digit of x?
4
Suppose -5*b = 20, 3*f - 941*b = -936*b + 37175. What is the hundreds digit of f?
3
Let v be (-846)/(-8) - (-2)/(9 - 1). Let m = 133 - v. What is the units digit of m?
7
Let g(u) = 9*u + 115. Let n be g(-15). Let o = 609 + n. What is the units digit of o?
9
Suppose 28*c = 5*c + 2438. Suppose 102*i + 4372 = c*i. What is the hundreds digit of i?
0
Let m be -3 + (4 - 3) + (9 - 1). Suppose p + 55 = m*p. Let x(s) = 2*s**2 - 17*s - 15. What is the units digit of x(p)?
0
Suppose -15*g + 0*g = 5*g - 589740. What is the tens digit of g?
8
Let z = 335 + -811. Let k = z - -1516. What is the hundreds digit of k?
0
Suppose -5*r - 2*k + 1159 + 2896 = 0, -3*r + 5*k = -2433. Let a = r - 384. What is the hundreds digit of a?
4
Let o(d) = 24*d**2 - 25*d + 87. Let t be -20*((-4)/(-22) - (-114)/(-264)). What is the units digit of o(t)?
2
Suppose -95070 - 328590 = -73*d + 58*d. What is the units digit of d?
4
Let h = -210 + 203. What is the tens digit of (-16)/h*107 + (-100)/175?
4
Suppose 60*z + 7*z - 11*z = 708232. What is the tens digit of z?
4
Let w(d) = -58*d - 9. Let v be w(-2). Let c = v - -77. What is the hundreds digit of c?
1
Suppose 6 = -2*h, -2*y + 5*h - 5620 = -7*y. What is the thousands digit of y - ((-16)/2 + 13)?
1
Suppose -53523 + 44458 = -3*a + 88906. What is the tens digit of a?
5
Suppose 0 = -17*s + 21*s + 8, 0 = x - s - 15710. What is the units digit of x?
8
Suppose 46*o + 591103 = 97*o + 62*o. What is the hundreds digit of o?
2
Let w(l) = -4*l + 27. Suppose -70 = -8*f - 6. Let g be w(f). What is the units digit of (-7 - g)/2*-87?
7
Suppose -8126 = 8*j + 9*j. Let s = -235 - j. Suppose -5*t - s = -h, 4*h - 729 = h - t. What is the hundreds digit of h?
2
Let a(b) = -117*b - 99. Let i be a(-7). Let t = i + -238. What is the hundreds digit of t?
4
Let m(p) = 7*p**2 + 42*p - 41. Let v(y) = y**2 + y. Let b(f) = m(f) - 5*v(f). What is the hundreds digit of b(-28)?
4
Let x = -7490 + 14280. What is the tens digit of x?
9
Suppose 1267*t - 1248*t = 31977. What is the units digit of t?
3
Let a be 25*91 + (-10)/(-5). What is the tens digit of a/(-22)*8/(-3)?
7
Suppose o = u - 63615, -3*o = -2*u - 0*o + 127237. What is the thousands digit of u?
3
Suppose 4*z + 108 + 76 = 4*s, -5*s - 5*z = -230. Suppose -2*k - 18 + s = 0. Suppose 676 = 6*c - k. What is the tens digit of c?
1
Let f = -1486 - -2271. Let h = f + 125. What is the units digit of h?
0
Let k = -407 + 865. Suppose -2*g = -8*v + 5*v + k, 5*g = 4*v - 606. What is the hundreds digit of v?
1
Suppose 2*n - 4*n - 6 = 0. Let b be n/(2 - (0 + 3)). Suppose -159 = -3*g + 3*w, -b*w - 110 = -2*g - 0*w. What is the tens digit of g?
4
Suppose 3*g - 32151 = -2*f, -12149 = 5*g - 4*f - 65756. What is the tens digit of g?
1
Suppose -50*h + 39 = -47*h. Suppose -h*g + 15*g = 916. What is the units digit of g?
8
Let w be 3 - -3 - (4 - 1). Suppose -w*s + 132 = 3*s. Suppose 0 = -21*k + s*k - 4. What is the units digit of k?
4
Let i(b) = 34*b + 1865. What is the tens digit of i(-33)?
4
Let r(i) = -2*i + 2377 - 2464 + 2*i**2 - 31*i - i**2. What is the tens digit of r(-17)?
6
Let r = 38 + -34. Suppose -z + r = 3*l - 201, z + 2*l = 202. What is the tens digit of (z/(-42))/((-1)/18)?
8
Let u(n) = -n**3 + 5*n**2 - 3*n - 2. Let g be u(2). Suppose 6*i = -g*i. Suppose i*w - 2*x + 182 = w, -2*w = -3*x - 336. What is the units digit of w?
4
Suppose 9*c - 17 = -44. Let d be (38/c)/((-2)/6). Suppose -42*x = -d*x - 708. What is the hundreds digit of x?
1
Suppose 22*h - 36972 = 65636. What is the tens digit of h?
6
Let c(a) = -74*a + 4. Let g be c(-4). Let j be g - (-4 + -4 + 12). Suppose 4*w - w + 4*q - j = 0, 2*w - 186 = 3*q. What is the units digit of w?
6
Let j(v) = -102*v - 33. Let f(x) = -104*x - 32. Let a(c) = -5*f(c) + 6*j(c). What is the hundreds digit of a(-5)?
4
Suppose 0 = -15*i - 5*i - 4776 + 58656. What is the units digit of i?
4
Let j = -1863 - -1867. Let g(l) = 6*l**2 + 4*l + 2. Let d be g(-2). What is the tens digit of ((-84)/d)/(j/(-18))?
2
What is the tens digit of (((-141)/60)/((-1)/12))/((-7)/(-245))?
8
Let p(n) = 22*n**2 - 27*n - 301. What is the hundreds digit of p(-17)?
5
Let v = 37327 - 7525. What is the ten thousands digit of v?
2
Let d = -401 - -1301. Suppose f + d = 3*v, -v + 5*f - 8 + 322 = 0. What is the tens digit of 